 1395570318?
2, 3, 1487, 156419
List the prime factors of 69581780.
2, 5, 3479089
List the prime factors of 999391656.
2, 3, 1459, 28541
What are the prime factors of 16300837?
7, 2328691
What are the prime factors of 948233682?
2, 3, 11, 79, 167
What are the prime factors of 1447745631?
3, 107, 1069, 4219
List the prime factors of 2227807403.
6163, 361481
List the prime factors of 84248862.
2, 3, 23, 73, 8363
List the prime factors of 41330759.
67, 616877
What are the prime factors of 2250759053?
199, 883, 12809
What are the prime factors of 3497495?
5, 17, 23, 1789
What are the prime factors of 18009504?
2, 3, 62533
What are the prime factors of 218550350?
2, 5, 19, 379, 607
What are the prime factors of 5186510884?
2, 1296627721
What are the prime factors of 2435217749?
2435217749
What are the prime factors of 4902732068?
2, 13, 17, 5546077
List the prime factors of 115415808.
2, 3, 67, 2243
What are the prime factors of 116214677?
116214677
List the prime factors of 20705512.
2, 83, 31183
What are the prime factors of 150544057?
3251, 46307
What are the prime factors of 1005942881?
23, 89, 491423
What are the prime factors of 487782058?
2, 73, 3340973
List the prime factors of 351831318.
2, 3, 4283, 13691
What are the prime factors of 1381008609?
3, 37, 269, 571
List the prime factors of 3111149893.
10627, 292759
What are the prime factors of 443634044?
2, 7, 2263439
List the prime factors of 1402566150.
2, 3, 5, 29, 322429
List the prime factors of 1723461591.
3, 37, 277, 56053
List the prime factors of 42172237.
193, 218509
What are the prime factors of 247231825?
5, 157, 62989
List the prime factors of 16825579.
181, 92959
What are the prime factors of 106600048?
2, 1889, 3527
What are the prime factors of 2044608664?
2, 7, 41, 47, 18947
What are the prime factors of 506690064?
2, 3, 163, 21587
What are the prime factors of 5505875443?
191, 431, 66883
List the prime factors of 171548209.
7, 163, 251, 599
List the prime factors of 57257095.
5, 7, 137, 11941
List the prime factors of 3078087703.
7507, 410029
What are the prime factors of 261282612?
2, 3, 1723, 12637
What are the prime factors of 1546373784?
2, 3, 2381, 27061
What are the prime factors of 62750111?
17, 3691183
List the prime factors of 257378047.
19, 257, 52709
List the prime factors of 365295008.
2, 13, 878113
What are the prime factors of 744215997?
3, 7, 19, 1865203
List the prime factors of 6617294004.
2, 3, 71, 7766777
What are the prime factors of 2286148157?
2286148157
List the prime factors of 138730501.
7, 13, 37, 41203
What are the prime factors of 132900191?
3557, 37363
List the prime factors of 1017591148.
2, 7, 251, 144791
What are the prime factors of 349177085?
5, 317, 220301
List the prime factors of 1949052761.
263, 7410847
List the prime factors of 640965725.
5, 23, 1114723
List the prime factors of 155720235.
3, 5, 11, 23, 37, 1109
What are the prime factors of 24525272?
2, 293, 10463
List the prime factors of 5600270734.
2, 113, 1801, 13759
List the prime factors of 81528355.
5, 631, 25841
List the prime factors of 5928572899.
41, 144599339
What are the prime factors of 2466968876?
2, 383, 1610293
List the prime factors of 66039631.
7, 149, 63317
List the prime factors of 530526231.
3, 887, 66457
What are the prime factors of 1665513169?
23011, 72379
List the prime factors of 2536694.
2, 359, 3533
What are the prime factors of 2210579109?
3, 245619901
List the prime factors of 1783845982.
2, 891922991
What are the prime factors of 61487855?
5, 11, 13, 23, 3739
List the prime factors of 1838269657.
7, 262609951
List the prime factors of 56266823.
2203, 25541
List the prime factors of 539237392.
2, 23, 47, 31177
What are the prime factors of 3139458119?
7, 17, 1109, 23789
What are the prime factors of 64092941?
11, 17, 233, 1471
What are the prime factors of 111031699?
111031699
List the prime factors of 147888670.
2, 5, 2039, 7253
List the prime factors of 1390456351.
239, 1483, 3923
What are the prime factors of 43053054?
2, 3, 11, 652319
What are the prime factors of 142794840?
2, 3, 5, 29, 37, 1109
What are the prime factors of 496306406?
2, 29, 8557007
List the prime factors of 187797278.
2, 93898639
List the prime factors of 1423812916.
2, 1291, 275719
List the prime factors of 4137070130.
2, 5, 2029, 203897
List the prime factors of 92177525.
5, 11, 71, 4721
List the prime factors of 82915999.
82915999
What are the prime factors of 27722998?
2, 13861499
What are the prime factors of 1028012429?
1028012429
List the prime factors of 960060423.
3, 7, 37, 233, 5303
List the prime factors of 7299793.
29, 151, 1667
List the prime factors of 19611693.
3, 17, 42727
What are the prime factors of 456059?
17, 139, 193
List the prime factors of 337025978.
2, 168512989
List the prime factors of 64186321.
503, 127607
What are the prime factors of 27156518?
2, 13578259
List the prime factors of 42314409.
3, 4701601
List the prime factors of 19550747.
977, 20011
What are the prime factors of 946321159?
7, 31, 4360927
What are the prime factors of 7695277378?
2, 1867, 2060867
List the prime factors of 165076404.
2, 3, 1399, 9833
List the prime factors of 22612527.
3, 7, 19, 2099
List the prime factors of 344444101.
1061, 324641
List the prime factors of 113009356.
2, 53, 533063
List the prime factors of 53929258.
2, 19, 421, 3371
What are the prime factors of 21098451?
3, 11, 79, 8093
What are the prime factors of 529459763?
7, 5059, 14951
List the prime factors of 48787174.
2, 19, 1283873
List the prime factors of 15098806.
2, 19, 397337
What are the prime factors of 57940484?
2, 7, 61, 33923
What are the prime factors of 683813039?
7, 13, 421, 1373
What are the prime factors of 6898115?
5, 7, 197089
List the prime factors of 1193101751.
19, 3304991
List the prime factors of 4991434227.
3, 13, 2467, 17293
List the prime factors of 1107102811.
19, 29, 43, 46727
What are the prime factors of 30365377?
7, 4337911
List the prime factors of 29542124.
2, 17, 193, 2251
List the prime factors of 58712109.
3, 19, 31, 149, 223
What are the prime factors of 57266694?
2, 3, 89, 35747
List the prime factors of 465301431.
3, 7, 19, 23, 16901
What are the prime factors of 39715357?
11, 431, 8377
List the prime factors of 570096895.
5, 114019379
What are the prime factors of 748723086?
2, 3, 41595727
List the prime factors of 310613031.
3, 34512559
What are the prime factors of 193257610?
2, 5, 7, 13, 53, 4007
List the prime factors of 44945241.
3, 11, 19, 97, 739
List the prime factors of 58441554.
2, 3, 29, 67, 557
List the prime factors of 15845184.
2, 3, 27509
List the prime factors of 1689323984.
2, 41, 137, 18797
List the prime factors of 126119824.
2, 7882489
List the prime factors of 6112032.
2, 3, 63667
List the prime factors of 10447534.
2, 929, 5623
List the prime factors of 8926142.
2, 29, 67, 2297
What are the prime factors of 9116849?
7, 547, 2381
What are the prime factors of 633965181?
3, 211321727
List the prime factors of 800437065.
3, 5, 1297, 41143
List the prime factors of 715009749.
3, 17, 14019799
List the prime factors of 69258482.
2, 853, 40597
List the prime factors of 53238547.
97, 548851
List the prime factors of 1203024344.
2, 103, 223, 6547
What are the prime factors of 3352510784?
2, 7, 19, 393857
What are the prime factors of 3490289137?
47, 59, 157, 8017
List the prime factors of 69870503.
2963, 23581
List the prime factors of 345608544.
2, 3, 29, 43, 2887
List the prime factors of 41812333.
17, 41, 239, 251
List the prime factors of 101063456.
2, 13, 83, 2927
List the prime factors of 382378987.
8647, 44221
What are the prime factors of 142908346?
2, 7, 29, 351991
List the prime factors of 28332789.
3, 9444263
What are the prime factors of 236564962?
2, 17, 1117, 6229
List the prime factors of 366498795.
3, 5, 13, 41, 45841
What are the prime factors of 967977916?
2, 241994479
What are the prime factors of 18129798?
2, 3, 67, 5011
What are the prime factors of 393184412?
2, 98296103
List the prime factors of 38939210.
2, 5, 1129, 3449
List the prime factors of 52065738.
2, 3, 19, 152239
List the prime factors of 387770488.
2, 7, 547, 12659
What are the prime factors of 427622193?
3, 2411, 6569
List the prime factors of 106524807.
3, 269, 132